6416.
2, 7, 11, 13
What are the prime factors of 12909066?
2, 3, 2151511
List the prime factors of 12409275.
3, 5, 165457
What are the prime factors of 223950?
2, 3, 5, 1493
What are the prime factors of 501627?
3, 7, 23887
What are the prime factors of 274675?
5, 10987
List the prime factors of 7140601.
13, 41, 13397
List the prime factors of 5215732.
2, 1303933
What are the prime factors of 264203?
431, 613
What are the prime factors of 848061?
3, 94229
What are the prime factors of 1530463?
11, 139133
What are the prime factors of 302501?
113, 2677
List the prime factors of 611762.
2, 17, 19, 947
What are the prime factors of 284454?
2, 3, 15803
List the prime factors of 178718.
2, 193, 463
List the prime factors of 733031.
13, 113, 499
What are the prime factors of 420763?
7, 31, 277
What are the prime factors of 4795181?
1031, 4651
List the prime factors of 14910489.
3, 11, 150611
List the prime factors of 4751074.
2, 241, 9857
What are the prime factors of 181712?
2, 41, 277
What are the prime factors of 2491244?
2, 7, 193, 461
What are the prime factors of 9404412?
2, 3, 783701
List the prime factors of 1059434.
2, 43, 97, 127
What are the prime factors of 2352269?
2352269
What are the prime factors of 171563?
7, 24509
What are the prime factors of 175271?
53, 3307
What are the prime factors of 822845?
5, 164569
List the prime factors of 1168985.
5, 113, 2069
What are the prime factors of 950421?
3, 41, 7727
List the prime factors of 130482.
2, 3, 11, 659
What are the prime factors of 4020714?
2, 3, 139, 1607
List the prime factors of 506908.
2, 353, 359
List the prime factors of 30682.
2, 23, 29
List the prime factors of 304266.
2, 3, 17, 19, 157
What are the prime factors of 8312883?
3, 677, 4093
List the prime factors of 17058.
2, 3, 2843
List the prime factors of 1536492.
2, 3, 19, 23, 293
What are the prime factors of 8346731?
173, 48247
List the prime factors of 1367249.
13, 105173
List the prime factors of 1030641.
3, 343547
List the prime factors of 29399493.
3, 9799831
List the prime factors of 10004501.
13, 769577
What are the prime factors of 452979?
3, 19, 883
What are the prime factors of 4912928?
2, 153529
What are the prime factors of 14229624?
2, 3, 41, 14461
List the prime factors of 135672.
2, 3, 5653
What are the prime factors of 76261?
76261
What are the prime factors of 7009217?
7009217
What are the prime factors of 261052?
2, 11, 17, 349
List the prime factors of 12710429.
59, 211, 1021
List the prime factors of 2904572.
2, 11, 251, 263
List the prime factors of 749090.
2, 5, 173, 433
What are the prime factors of 570929?
23, 103, 241
List the prime factors of 186874.
2, 223, 419
List the prime factors of 244438.
2, 122219
What are the prime factors of 6231?
3, 31, 67
List the prime factors of 1785354.
2, 3, 19, 15661
List the prime factors of 416484.
2, 3, 23, 503
What are the prime factors of 339120?
2, 3, 5, 157
What are the prime factors of 368451?
3, 40939
List the prime factors of 1331724.
2, 3, 110977
List the prime factors of 12246016.
2, 11959
What are the prime factors of 6829109?
7, 67, 14561
List the prime factors of 369633.
3, 11, 23, 487
What are the prime factors of 8625372?
2, 3, 7, 14669
What are the prime factors of 13502839?
7, 1231, 1567
What are the prime factors of 188838?
2, 3, 13, 269
What are the prime factors of 366109?
269, 1361
What are the prime factors of 10145938?
2, 11, 109, 4231
List the prime factors of 329246.
2, 164623
List the prime factors of 5584338.
2, 3, 199, 1559
List the prime factors of 1008707.
7, 29, 4969
What are the prime factors of 255073?
7, 13, 2803
What are the prime factors of 12788688?
2, 3, 11, 53, 457
List the prime factors of 8634280.
2, 5, 215857
List the prime factors of 2376546.
2, 3, 396091
What are the prime factors of 5611672?
2, 11, 43, 1483
List the prime factors of 5951929.
41, 179, 811
List the prime factors of 10874511.
3, 1208279
List the prime factors of 12091565.
5, 113, 21401
List the prime factors of 2180826.
2, 3, 121157
What are the prime factors of 18181154?
2, 307, 29611
What are the prime factors of 679537?
679537
List the prime factors of 30291362.
2, 15145681
What are the prime factors of 17063200?
2, 5, 7, 11, 277
What are the prime factors of 2968874?
2, 1484437
List the prime factors of 730817.
53, 13789
What are the prime factors of 6087443?
59, 103177
List the prime factors of 511115.
5, 11, 9293
What are the prime factors of 8955622?
2, 13, 53, 67, 97
List the prime factors of 922955.
5, 11, 97, 173
What are the prime factors of 10915527?
3, 7, 519787
What are the prime factors of 9782212?
2, 11, 222323
List the prime factors of 1933326.
2, 3, 19, 5653
What are the prime factors of 3839?
11, 349
What are the prime factors of 3501990?
2, 3, 5, 167, 233
What are the prime factors of 144544?
2, 4517
What are the prime factors of 30277856?
2, 7, 29, 59, 79
What are the prime factors of 10897497?
3, 13, 79, 131
What are the prime factors of 1295989?
1295989
List the prime factors of 380783.
13, 17, 1723
What are the prime factors of 7451048?
2, 11, 227, 373
What are the prime factors of 4850749?
4850749
List the prime factors of 407143.
11, 37013
What are the prime factors of 7727465?
5, 1545493
List the prime factors of 80881.
29, 2789
List the prime factors of 88613.
7, 12659
What are the prime factors of 16478102?
2, 8239051
What are the prime factors of 24693288?
2, 3, 61, 101, 167
What are the prime factors of 202941?
3, 22549
List the prime factors of 10956174.
2, 3, 491, 3719
What are the prime factors of 12496144?
2, 41, 43, 443
List the prime factors of 1060492.
2, 265123
List the prime factors of 1635179.
7, 13, 17, 151
List the prime factors of 168756.
2, 3, 7, 41
List the prime factors of 219812.
2, 179, 307
What are the prime factors of 863860?
2, 5, 47, 919
What are the prime factors of 5101927?
83, 61469
What are the prime factors of 59090?
2, 5, 19, 311
List the prime factors of 3177304.
2, 13, 137, 223
List the prime factors of 6447693.
3, 7, 307033
What are the prime factors of 351002?
2, 223, 787
List the prime factors of 2115026.
2, 41, 25793
What are the prime factors of 634688?
2, 47, 211
List the prime factors of 24750654.
2, 3, 19, 217111
List the prime factors of 2543082.
2, 3, 423847
List the prime factors of 2889875.
5, 61, 379
List the prime factors of 128980.
2, 5, 6449
What are the prime factors of 460694?
2, 13, 29, 47
What are the prime factors of 540391?
540391
What are the prime factors of 3486171?
3, 13, 71, 1259
What are the prime factors of 2411673?
3, 11, 107, 683
List the prime factors of 605726.
2, 11, 2503
List the prime factors of 109971.
3, 4073
List the prime factors of 820482.
2, 3, 13, 67, 157
What are the prime factors of 776056?
2, 97007
What are the prime factors of 249910?
2, 5, 67, 373
What are the prime factors of 1251788?
2, 373, 839
What are the prime factors of 745993?
745993
List the prime factors of 18427552.
2, 11, 13, 4027
What are the prime factors of 4654990?
2, 5, 53, 8783
What are the prime factors of 812342?
2, 406171
What are the prime factors of 7660240?
2, 5, 7, 13679
What are the prime factors of 355010?
2, 5, 131, 271
What are the prime factors of 138765?
3, 5, 11, 29
What are the prime factors of 1495488?
2, 3, 7789
List the prime factors of 15325522.
2, 7662761
What are the prime factors of 1475756?
2, 368939
What are the prime factors of 10133952?
2, 3, 47, 1123
List the prime factors of 4345749.
3, 482861
List the prime factors of 352736.
2, 73, 151
List the prime factors of 2627437.
677, 3881
List the prime factors of 3556310.
2, 5, 349, 1019
What are the prime factors of 225718?
2, 112859
What are the prime factors of 9993?
3, 3331
List the prime factors of 169376.
2, 67, 79
What are the prime factors of 519005?
5, 103801
List the prime factors of 7225.
5, 17
List the prime factors of 144292.
2, 36073
List the prime factors of 238628.
2, 13, 353
List the prime factors of 2374006.
2, 1187003
What are the prime factors of 3641920?
2, 5, 19, 599
What are the prime factors of 850922?
2, 401, 1061
What are the prime factors of 12920856?
2, 3, 13, 41413
List the prime factors of 344846.
2, 172423
List the prime factors of 7618719.
3, 2539573
List the prime factor